{"id":538,"date":"2020-10-06T14:45:39","date_gmt":"2020-10-06T17:45:39","guid":{"rendered":"http:\/\/dunitex.com.br\/?post_type=product&#038;p=538"},"modified":"2020-10-06T14:45:40","modified_gmt":"2020-10-06T17:45:40","slug":"cp02-camisa-polo","status":"publish","type":"product","link":"http:\/\/www.dunitex.com.br\/?product=cp02-camisa-polo","title":{"rendered":"CP02 &#8211; Camisa Polo"},"content":{"rendered":"","protected":false},"excerpt":{"rendered":"<p>Camisa Polo meia manga, malha 100% algod\u00e3o,.<\/p>\n<p>Personaliza\u00e7\u00e3o em bordado.<\/p>\n<p>Dispon\u00edvel em diversos materiais e cores.<\/p>\n<p>Lote m\u00ednimo de produ\u00e7\u00e3o &#8211; 50 unidades.<\/p>\n","protected":false},"featured_media":539,"template":"","meta":[],"class_list":{"0":"post-538","1":"product","2":"type-product","3":"status-publish","4":"has-post-thumbnail","6":"product_cat-camisetas","7":"product_tag-camisa-polo-personalizada","8":"product_tag-camisa-polo-promocional","10":"first","11":"onbackorder","12":"shipping-taxable","13":"product-type-simple"},"jetpack_sharing_enabled":true,"_links":{"self":[{"href":"http:\/\/www.dunitex.com.br\/index.php?rest_route=\/wp\/v2\/product\/538","targetHints":{"allow":["GET"]}}],"collection":[{"href":"http:\/\/www.dunitex.com.br\/index.php?rest_route=\/wp\/v2\/product"}],"about":[{"href":"http:\/\/www.dunitex.com.br\/index.php?rest_route=\/wp\/v2\/types\/product"}],"wp:featuredmedia":[{"embeddable":true,"href":"http:\/\/www.dunitex.com.br\/index.php?rest_route=\/wp\/v2\/media\/539"}],"wp:attachment":[{"href":"http:\/\/www.dunitex.com.br\/index.php?rest_route=%2Fwp%2Fv2%2Fmedia&parent=538"}],"curies":[{"name":"wp","href":"https:\/\/api.w.org\/{rel}","templated":true}]}}