{"id":512,"date":"2020-09-24T15:36:33","date_gmt":"2020-09-24T18:36:33","guid":{"rendered":"http:\/\/dunitex.com.br\/?post_type=product&#038;p=512"},"modified":"2020-09-24T15:36:34","modified_gmt":"2020-09-24T18:36:34","slug":"ms05-mochila-saco","status":"publish","type":"product","link":"http:\/\/www.dunitex.com.br\/?product=ms05-mochila-saco","title":{"rendered":"MS05 &#8211; Mochila Saco"},"content":{"rendered":"","protected":false},"excerpt":{"rendered":"<table width=\"728\">\n<tbody>\n<tr>\n<td width=\"331\">Mochila Saco, fechamento com cord\u00f5es, medindo 40X35 cm.<\/p>\n<p>Personaliza\u00e7\u00e3o em silkscreen.<\/p>\n<p>Dispon\u00edvel em diversos materiais e cores.<\/p>\n<p>Lote m\u00ednimo de produ\u00e7\u00e3o: 200 unidades.<\/td>\n<\/tr>\n<\/tbody>\n<\/table>\n","protected":false},"featured_media":513,"template":"","meta":[],"class_list":{"0":"post-512","1":"product","2":"type-product","3":"status-publish","4":"has-post-thumbnail","6":"product_cat-mochilas","7":"product_tag-mochila-academia","8":"product_tag-mochila-esportiva","9":"product_tag-mochila-para-evento","10":"product_tag-mochila-personalizada","11":"product_tag-mochila-promocional","12":"product_tag-mochila-saco","14":"first","15":"onbackorder","16":"shipping-taxable","17":"product-type-simple"},"jetpack_sharing_enabled":true,"_links":{"self":[{"href":"http:\/\/www.dunitex.com.br\/index.php?rest_route=\/wp\/v2\/product\/512","targetHints":{"allow":["GET"]}}],"collection":[{"href":"http:\/\/www.dunitex.com.br\/index.php?rest_route=\/wp\/v2\/product"}],"about":[{"href":"http:\/\/www.dunitex.com.br\/index.php?rest_route=\/wp\/v2\/types\/product"}],"wp:featuredmedia":[{"embeddable":true,"href":"http:\/\/www.dunitex.com.br\/index.php?rest_route=\/wp\/v2\/media\/513"}],"wp:attachment":[{"href":"http:\/\/www.dunitex.com.br\/index.php?rest_route=%2Fwp%2Fv2%2Fmedia&parent=512"}],"curies":[{"name":"wp","href":"https:\/\/api.w.org\/{rel}","templated":true}]}}