{"id":502,"date":"2020-09-24T14:15:28","date_gmt":"2020-09-24T17:15:28","guid":{"rendered":"http:\/\/dunitex.com.br\/?post_type=product&#038;p=502"},"modified":"2020-09-24T14:26:34","modified_gmt":"2020-09-24T17:26:34","slug":"sa01-sacola","status":"publish","type":"product","link":"http:\/\/www.dunitex.com.br\/?product=sa01-sacola","title":{"rendered":"SA01 &#8211; Sacola"},"content":{"rendered":"","protected":false},"excerpt":{"rendered":"<table width=\"728\">\n<tbody>\n<tr>\n<td width=\"331\">Sacola em Lona m\u00e9dia crua 100% algod\u00e3o com fundo H, medindo 45X35X06 cm.<\/p>\n<p>Personaliza\u00e7\u00e3o em silkscreen de um lado.<\/p>\n<p>Lote m\u00ednimo de produ\u00e7\u00e3o &#8211; 100 unidades.<\/td>\n<\/tr>\n<\/tbody>\n<\/table>\n","protected":false},"featured_media":503,"template":"","meta":[],"class_list":{"0":"post-502","1":"product","2":"type-product","3":"status-publish","4":"has-post-thumbnail","6":"product_cat-sacolas","7":"product_tag-ecobag","8":"product_tag-sacola-ecobag","9":"product_tag-sacola-ecologica","10":"product_tag-sacola-para-brinde","11":"product_tag-sacola-para-evento","12":"product_tag-sacola-personalizada","13":"product_tag-sacola-promocional","15":"first","16":"onbackorder","17":"shipping-taxable","18":"product-type-simple"},"jetpack_sharing_enabled":true,"_links":{"self":[{"href":"http:\/\/www.dunitex.com.br\/index.php?rest_route=\/wp\/v2\/product\/502","targetHints":{"allow":["GET"]}}],"collection":[{"href":"http:\/\/www.dunitex.com.br\/index.php?rest_route=\/wp\/v2\/product"}],"about":[{"href":"http:\/\/www.dunitex.com.br\/index.php?rest_route=\/wp\/v2\/types\/product"}],"wp:featuredmedia":[{"embeddable":true,"href":"http:\/\/www.dunitex.com.br\/index.php?rest_route=\/wp\/v2\/media\/503"}],"wp:attachment":[{"href":"http:\/\/www.dunitex.com.br\/index.php?rest_route=%2Fwp%2Fv2%2Fmedia&parent=502"}],"curies":[{"name":"wp","href":"https:\/\/api.w.org\/{rel}","templated":true}]}}