{"id":455,"date":"2020-09-22T17:45:56","date_gmt":"2020-09-22T20:45:56","guid":{"rendered":"http:\/\/dunitex.com.br\/?post_type=product&#038;p=455"},"modified":"2020-09-22T17:47:20","modified_gmt":"2020-09-22T20:47:20","slug":"tl03-toalha-lavabo","status":"publish","type":"product","link":"http:\/\/www.dunitex.com.br\/?product=tl03-toalha-lavabo","title":{"rendered":"TL03 &#8211; Toalha Lavabo"},"content":{"rendered":"","protected":false},"excerpt":{"rendered":"<p>Toalha Lavabo Felpuda, medindo 30X50 cm, 100% algod\u00e3o.<\/p>\n<p>Personaliza\u00e7\u00e3o em Jacquard ou bordado.<\/p>\n<p>Dispon\u00edvel em diversas cores.<\/p>\n<p>Lote m\u00ednimo de produ\u00e7\u00e3o em Jacquard &#8211; <em><strong>Sob Consulta<\/strong><\/em>.<\/p>\n<p>Lote m\u00ednimo de produ\u00e7\u00e3o em Bordado &#8211; 500 unidades<\/p>\n","protected":false},"featured_media":456,"template":"","meta":[],"class_list":{"0":"post-455","1":"product","2":"type-product","3":"status-publish","4":"has-post-thumbnail","6":"product_cat-toalha","7":"product_cat-lavabo","8":"product_tag-toalha-de-mao","9":"product_tag-toalha-felpuda","10":"product_tag-toalha-lavabo","11":"product_tag-toalha-para-brinde","12":"product_tag-toalha-para-eventos","13":"product_tag-toalha-personalizada","14":"product_tag-toalha-promocional","16":"first","17":"onbackorder","18":"shipping-taxable","19":"product-type-simple"},"jetpack_sharing_enabled":true,"_links":{"self":[{"href":"http:\/\/www.dunitex.com.br\/index.php?rest_route=\/wp\/v2\/product\/455","targetHints":{"allow":["GET"]}}],"collection":[{"href":"http:\/\/www.dunitex.com.br\/index.php?rest_route=\/wp\/v2\/product"}],"about":[{"href":"http:\/\/www.dunitex.com.br\/index.php?rest_route=\/wp\/v2\/types\/product"}],"wp:featuredmedia":[{"embeddable":true,"href":"http:\/\/www.dunitex.com.br\/index.php?rest_route=\/wp\/v2\/media\/456"}],"wp:attachment":[{"href":"http:\/\/www.dunitex.com.br\/index.php?rest_route=%2Fwp%2Fv2%2Fmedia&parent=455"}],"curies":[{"name":"wp","href":"https:\/\/api.w.org\/{rel}","templated":true}]}}